= q**3 - 13*q**2 + 12*q + 26. Give a(11).
-84
Let a(c) = c**3 - 7*c**2 + 3*c + 7. Determine a(6).
-11
Let n(u) = 13*u + 11. What is n(3)?
50
Let k(z) = -24*z - 5. Give k(0).
-5
Let f(s) = 3*s + 6. What is f(-4)?
-6
Let m(y) = y - 10. Calculate m(5).
-5
Let a(j) = -j**3 + 7*j**2 - 8*j + 4. Give a(4).
20
Let k(u) = -36*u - 4. Determine k(2).
-76
Let w(d) = -d. Calculate w(5).
-5
Let w(r) = -r**2 + 14*r + 22. Give w(16).
-10
Let x(s) = -s**3 - 14*s**2 + 14*s + 5. Determine x(-15).
20
Let j(u) = -u - 27. What is j(-6)?
-21
Let n(q) = -q**2 - 9*q - 39. Determine n(-5).
-19
Let h(t) = -t**3 - 7*t**2 - t + 18. Determine h(-5).
-27
Let l(q) = -9*q**3 - 3*q**2 + 2. Determine l(-1).
8
Let f(i) = -i**3 - 12*i**2 + 12*i - 19. Give f(-13).
-6
Let n(x) = -2*x + 40. Calculate n(0).
40
Let m(t) = -31*t - 15. What is m(-2)?
47
Let i(w) = -w**3 + 3*w**2 - 2. What is i(3)?
-2
Let k(o) = -2*o**2 + o + 1. What is k(-2)?
-9
Let g(v) = v**3 - 6*v**2 - 15*v + 1. Give g(9).
109
Let v(d) = -d + 13. Determine v(19).
-6
Let y(g) = -10*g + 3. Give y(-6).
63
Let d(p) = -p**3 + 2*p**2 + 5*p - 3. Give d(4).
-15
Let a(h) = 2*h**2 - 6*h + 13. Determine a(0).
13
Let m(i) = i**3 - 6*i**2 - 13*i + 11. Determine m(8).
35
Let x(l) = -7*l**2 + 6*l - 6. Determine x(1).
-7
Let u(b) = 5*b - 25. Determine u(0).
-25
Let g(z) = -z**3 - 11*z**2 - 9*z + 9. Determine g(-10).
-1
Let n(b) = 2*b - 25. Determine n(13).
1
Let b(c) = 3*c**3 + 1. Give b(1).
4
Let l(q) = -8*q - 8. What is l(3)?
-32
Let j(d) = 3*d**2 - 21*d - 17. What is j(8)?
7
Let b(y) = 7*y + 98. What is b(-15)?
-7
Let j(w) = -10*w + 195. Calculate j(19).
5
Let g(l) = -l**2 - 4*l - 3. Determine g(-5).
-8
Let a(d) = d**3 + 10*d**2 + d - 2. Calculate a(-10).
-12
Let u(j) = -2*j + 72. Give u(35).
2
Let x(y) = y**3 - 6*y**2 - 111*y - 16. Determine x(14).
-2
Let f(z) = 4*z**2 + 7*z - 5. What is f(-4)?
31
Let y(j) = -j**3 - 21*j**2 - 41*j - 64. Calculate y(-19).
-7
Let g(a) = -a**2 - 5*a + 4. Determine g(-5).
4
Let d(g) = -69*g**2 + 3*g + 3. What is d(-1)?
-69
Let n(d) = 5*d**2 - 9*d + 4. Determine n(6).
130
Let h(f) = -f**3 - 9*f**2 - 3*f - 8. Calculate h(-9).
19
Let q(d) = 103*d + 821. Determine q(-8).
-3
Let u(l) = 19*l**3 - 1. What is u(1)?
18
Let o(w) = -w**2 - 9*w - 12. Give o(-10).
-22
Let r(y) = 7*y - 10. Calculate r(5).
25
Let o(d) = -d**2 + 5*d - 7. Give o(8).
-31
Let s(g) = 45*g - 401. Give s(9).
4
Let g(y) = -y**3 + 39*y**2 - 39*y + 18. Calculate g(38).
-20
Let k(v) = -6*v**2 + 2*v - 2. Determine k(1).
-6
Let w(c) = -c**3 - 9*c**2 + 11*c + 1. What is w(-10)?
-9
Let w(h) = -24*h**2 - 2*h + 1. Calculate w(1).
-25
Let w(t) = -t**2 - 14*t - 5. Calculate w(-6).
43
Let i(u) = -4*u - 14. Determine i(-8).
18
Let f(r) = r**3 + 5*r**2 + 3*r - 8. Give f(-4).
-4
Let t(d) = -9*d - 72. What is t(-7)?
-9
Let y(f) = f**3 + 2*f**2 - 32*f + 15. Determine y(-7).
-6
Let y(b) = 25*b - 208. Give y(8).
-8
Let m(t) = -t + 9. Determine m(-3).
12
Let u(l) = -109*l - 310. Determine u(-3).
17
Let l(a) = -32*a - 934. Calculate l(-29).
-6
Let f(b) = -b**3 + 6*b**2 - 5*b - 15. Give f(5).
-15
Let u(p) = 139*p - 2360. Determine u(17).
3
Let n(w) = -w**3 - 15*w**2 + 14*w - 47. What is n(-16)?
-15
Let w(g) = g**3 + 7*g**2 - 13. Calculate w(-7).
-13
Let p(m) = -m**3 - 6*m**2 + 4*m - 13. Calculate p(-7).
8
Let x(a) = -a**2 + 11*a - 24. Give x(5).
6
Let g(l) = l**3 - l - 3. Calculate g(0).
-3
Let l(u) = u**3 + 9*u**2 + 9*u - 3. Calculate l(-8).
-11
Let a(l) = -l**2 + l + 5. Calculate a(8).
-51
Let d(g) = 4*g + 9. Calculate d(2).
17
Let t(p) = -24*p. Determine t(-2).
48
Let r(c) = c**3 + 16*c**2 + 3*c + 22. Calculate r(-16).
-26
Let n(u) = 2*u**2 - 12*u + 3. Calculate n(6).
3
Let p(t) = 3*t**2 - 154*t - 116. Calculate p(52).
-12
Let o(x) = 7*x**3 - 2*x**2 + x + 7. Determine o(-2).
-59
Let y(w) = 3*w + 15. Calculate y(-11).
-18
Let x(f) = 9*f. Give x(2).
18
Let w(q) = q**3 + 6*q**2 + 3*q - 4. Determine w(-4).
16
Let d(t) = 27*t + 1. Determine d(-1).
-26
Let v(p) = p**3 - 4*p**2 - 6*p + 1. What is v(5)?
-4
Let g(u) = -u**2 + 20*u - 45. What is g(18)?
-9
Let m(j) = j + 4. Give m(-5).
-1
Let v(f) = f**3 + 67*f**2 + 250*f - 131. Give v(-63).
-5
Let c(h) = -2*h + 2. What is c(4)?
-6
Let d(z) = -z**3 + 4*z + 4. Calculate d(-3).
19
Let n(b) = -4*b + 70. Determine n(18).
-2
Let p(q) = q**2 + q - 22. Give p(-7).
20
Let l(t) = -t**2 + 6*t + 2. Give l(5).
7
Let f(x) = -30*x - 101. Give f(-4).
19
Let r(b) = -10*b - 10. Give r(2).
-30
Let r(t) = 6*t**2 + 2*t - 2. Calculate r(1).
6
Let k(j) = -2*j**3 + 2*j**2 + j + 3. What is k(2)?
-3
Let d(m) = 10*m + 72. What is d(-9)?
-18
Let o(d) = d**3 - 3*d**2 - d - 8. Calculate o(4).
4
Let t(k) = 5*k. Calculate t(-6).
-30
Let t(d) = -d**3 - 2*d**2 - 6*d + 2. Calculate t(0).
2
Let p(t) = 2*t - 63. What is p(32)?
1
Let f(n) = -n**3 + 17*n**2 - 16*n + 5. Give f(16).
5
Let j(t) = 18*t**2 - t. Give j(-1).
19
Let z(p) = -p**2 - 27*p - 25. Determine z(-26).
1
Let g(w) = -w - 11. Give g(7).
-18
Let z(s) = s**3 + 6*s**2 - 15. What is z(-3)?
12
Let m(n) = n - 3. What is m(-8)?
-11
Let c(s) = s + 25. Determine c(-29).
-4
Let w(p) = 2*p**3 - 10*p**2. Give w(5).
0
Let p(k) = -k**3 + k**2 - 11*k + 51. Calculate p(3).
0
Let y(f) = f + 14. Give y(-6).
8
Let m(g) = g**2 - g - 152. Give m(0).
-152
Let j(d) = -d**3 - 14*d**2 - 13*d + 4. What is j(-12)?
-128
Let g(m) = 4*m**2 + 3*m - 4. What is g(-3)?
23
Let s(y) = y**3 + 28*y**2 + 28*y + 11. What is s(-27)?
-16
Let v(y) = -4*y - 45. Calculate v(-18).
27
Let l(f) = 6*f - 11. Give l(6).
25
Let w(z) = z**2 + 6*z - 13. Calculate w(-7).
-6
Let z(o) = -o**2 + 11*o + 77. Calculate z(16).
-3
Let l(o) = 4*o - 25. What is l(2)?
-17
Let q(n) = n**3 + 4*n**2 - 4*n - 6. Give q(-4).
10
Let j(g) = 16*g + 31. Calculate j(-3).
-17
Let n(s) = 6*s - 76. Determine n(12).
-4
Let f(q) = -q**2 + 10*q + 5. What is f(8)?
21
Let p(h) = h**3 - 5*h**2 - h + 4. Calculate p(4).
-16
Let c(z) = 2*z**3 - 14*z**2 + 7*z - 11. What is c(7)?
38
Let o(q) = q**3 + 7*q**2 - 44*q + 1. Determine o(-11).
1
Let f(d) = d - 11. Calculate f(16).
5
Let h(n) = -n**2 + 7*n - 3. Determine h(5).
7
Let x(y) = y**3 - 8*y**2 - 12*y + 5. Calculate x(9).
-22
Let z(p) = -p**2 + 4*p + 3. Give z(-5).
-42
Let s(q) = q**2 + 6*q - 5. Calculate s(3).
22
Let r(x) = -x**2 + 4*x + 632. Give r(-23).
11
Let a(j) = j**2 + 30*j - 261. Calculate a(-37).
-2
Let m(x) = -9*x - 189. What is m(-22)?
9
Let f(p) = -20*p - 12. What is f(-4)?
68
Let m(l) = l**3 - 18*l**2 - 63*l + 5. Calculate m(21).
5
Let s(g) = g**2 + 4*g - 8. Calculate s(-8).
24
Let d(r) = -r**3 + 78*r**2 - 154*r + 146. What is d(76)?
-6
Let k(p) = -10*p + 31. What is k(2)?
11
Let r(w) = -w**2 - 2*w + 23. Give r(-10).
-57
Let b(l) = -l**2 + 37*l + 205. Determine b(-5).
-5
Let a(m) = 8*m - 37. Give a(6).
11
Let o(a) = -117*a + 1530. What is o(13)?
9
Let t(d) = 2*d**3 + 10*d**2 + 14*d + 21. Give t(-4).
-3
Let v(t) = 4*t - 7. Give v(-5).
-27
Let d(t) = -2*t**3 - 3*t + 3. Determine d(2).
-19
Let n(d) = -d**3 - 21*d**2 - 40*d - 25. Give n(-19).
13
Let c(a) = a**3 + 3*a**2 + 5*a + 13. Determine c(-3).
-2
Let f(t) = t**3 - 5*t**2 - 3*t - 4. Calculate f(6).
14
Let i(c) = 5*c + 148. What is i(-34)?
-22
Let a(u) = -u**3 - 21*u**2 + 23*u - 24. Give a(-22).
-46
Let r(n) = n**3 - 8*n + 3. What is r(3)?
6
Let i(n) = n**3 - 13*n**2 - 6*n + 27. What is i(13)?
-51
Let n(k) = -k**2 - 10*k + 6. Determine n(-12).
-18
Let g(q) = -22*q + 265. Calculate g(12).
1
Let w(t) = -t**3 + 15*t**2 + 3*t - 10. Determine w(15).
35
Let s(m) = -m**3 + 10*m**2 + 13*m + 5. Give s(11).
27
Let w(g) = -g**3 + 6*g**2 - 4*g - 6. Calculate w(5).
-1
Let o(g) = -2*g**3 + g - 13. What is o(0)?
-13
Let s(g) = -5*g**3 + 5*g + 5. Calculate s(-2).
35
Let b(f) = -22*f - 213. Determine b(-10).
7
Let w(z) = -4*z**2 + 35*z + 17. Calculate w(9).
8
Let y(v) = -v**2 - 7*v + 4. Calculate y(-7).
4
Let z(h) = h**2 - 23*h - 674. Give z(40).
6
Let i(a) = -a**2 + 11*a - 16. Determine i(10).
-6
Let a(m) = 37*m - 714. Give a(19).
-11
Let i(v) = -v**3 + 7*v**2 - 6*v. Determine i(6).
0
Let s(k) = 3*k + 31. Give s(-7).
10
Let c(f) = -f**2 - 8*f + 1. What is c(-9)?
-8
Let h(l) = -7*l - 2. Calculate h(-1).
5
Let s(k) = -k**2 - 11*k - 11. Determine s(-11).
-11
Let w(o) = 26*o + 2. What is w(2)?
54
Let a(d) = d - 8. Give a(-8).
-16
Let y(r) = r**3 - 33*r**2 - 5. What is y(33)?
-5
Let